))?
4
What is the value of -7 + 4 + 1 + 21 + -15 + 7?
11
-6 - (26 + -32 + 27)
-27
Calculate ((2 - -7) + -9 - -19) + (4 - 6).
17
Calculate (5 - -11) + -2 + -27.
-13
Calculate 7 + (6 - 3) + (-12 - -23).
21
What is the value of 16 + (12 - 22) + 8?
14
Calculate 69 - 44 - (-2 + 4).
23
What is the value of -10 + -3 + -12 + 15?
-10
Evaluate 24 + (5 - 9) + -22.
-2
Evaluate (-1 - 7) + (1 - 23 - (227 + -236)).
-21
Calculate (31 - 20) + 2 + (4 - 1).
16
Calculate -9 - ((1 - 1) + (26 - (25 + 7))).
-3
Evaluate (-8 - -10 - -8) + 5.
15
What is 131 + -143 - (0 - 0) - -28?
16
1 + 1 + (64 - 82)
-16
Evaluate (-113 - -113) + (-1 - -15) - -3.
17
What is the value of -6 - (7 + (3 - (9 - -8)))?
1
(28 + -20 - -13) + (-5 - 0)
16
Evaluate (-12 - (-1 + -2)) + 6 + -1.
-4
What is the value of -46 - (-27 - (6 - -2 - 15))?
-26
-38 - ((4 - -1) + (-14 - -7) - 7)
-29
Calculate (523 - 531) + (7 - 1).
-2
What is the value of ((5 - 0) + (-17 - -15) - -18) + -2?
19
What is -4 + 15 + 14 + -21 + -28 + 1?
-23
7 - (21 - (-6 + 2 + (9 - 6)))
-15
17 - 2 - (-6 + -1 + -9 - -10)
21
What is 3 + 2 + -9 + -1 + (27 - 8)?
14
What is the value of -20 + (-7 - 24 - -29)?
-22
5 + 14 + -16 + 14
17
Calculate (-7 - -9) + (-15 - (-6 - -4) - -5).
-6
(9 - 8) + (-3 - 11) + 45
32
-17 - (6 + -13 + 6 + -4)
-12
What is the value of (-18 - -13 - -7) + (-1 - -5)?
6
Evaluate -5 + 15 + (-26 - -17).
1
What is (-2 - (-1 - 0)) + (-40 - -45)?
4
What is the value of -4 - 2 - ((-15 - -5) + -4 - 6)?
14
What is the value of (0 - 12) + (-7 - (3 + 4 + -13))?
-13
What is the value of (3 - (8 - 6) - -2) + (-10 - -2)?
-5
37 - (16 + 0) - -4
25
Calculate 4 - 2 - (-7 - (-33 + 40)).
16
Calculate (-7 - (6 + -19)) + -12.
-6
What is 4 - (-13 - 1 - -8)?
10
What is (16 - (-16 - -19)) + -3?
10
What is the value of 15 + -19 - 0 - (0 + 9)?
-13
Calculate -19 + 3 + -2 + -1 + 19 + -14.
-14
1 - 6 - 10 - (1 - -7 - 4)
-19
What is the value of -82 + 114 + (-4 - 50)?
-22
What is 6 + 2 + (0 - 8) + 1 + 0?
1
(-3 - -2) + 11 + -5 + (4 - -9)
18
Calculate 759 + -752 + -1 + 13.
19
What is -1 + 8 + (25 + -4 - (5 - -2))?
21
What is the value of 15 - (2 + (-6 - (-4 - -2)))?
17
-4 + 3 - (0 - 1) - (-345 - -349)
-4
Evaluate (-18 - (10 - 21)) + -4.
-11
What is the value of 84 - 0 - 76 - (-13 + 1)?
20
Evaluate (-6 - -5) + (26 - 29).
-4
Calculate -11 - ((-44 - -33) + (1 - 2)).
1
Evaluate -7 + 4 + (0 - -2).
-1
Calculate (-1 - -5) + (98 - 68) - (-22 - -26).
30
What is (-4 - (1 + -2)) + -162 + 152?
-13
Calculate -1 + 1 - (-361 - -357).
4
What is (-2 - -16) + 9 + -20 - -8?
11
What is -19 - 1 - (-122 + 87)?
15
Calculate 20 + 4 + -5 + -18 + 9 + 5.
15
Evaluate 2 - -5 - (3 + (5 - (10 + 2))).
11
Calculate 12 + (-12 - -26) - 14.
12
What is 12 - (9 + -17 + 9 - -6)?
5
Evaluate -7 + -49 + 3 - -33.
-20
What is 6 + (13 - 6) + -3?
10
Calculate (1 - 4) + 0 - (205 - 221).
13
Evaluate (56 - (34 + 22)) + (10 - 2).
8
What is the value of -26 + 8 + 16 + 0 + 10 + -2?
6
What is -3 + (0 - -8 - (25 - 31 - -8))?
3
Calculate -7 + -1 - ((33 - -1) + -28).
-14
What is (-52 - -10 - -24) + 7 + 0?
-11
Calculate (1 - -6) + (27 - 13 - (9 - -21)).
-9
What is -1 - 2 - (-82 + 80) - (-16 + -1)?
16
-9 + (1 + -3 - -5) - (-3 + 7)
-10
(2 - 4) + 1 - (89 + -100)
10
Calculate 11 + (-26 - -12) - 3.
-6
-192 - -186 - (-19 + 2 + 0)
11
Calculate 15 + 0 + -16 + (-1 - -2).
0
Evaluate -1 + 3 - (82 + -88).
8
Evaluate (27 + -10 - 8) + 12.
21
What is (-28 - (22 - 51)) + 34?
35
(14 - 2) + (-27 - -27)
12
0 - -9 - ((17 - 6) + 9 - 6)
-5
Calculate -11 + (-9 + 8 - (10 - 13)).
-9
What is the value of 1 - 7 - (54 - 76)?
16
What is (1 - 12 - (14 + -16)) + 20?
11
Evaluate (3 + 13 + -2 - (-1 + 4)) + -3.
8
0 + (7 - 8) - (0 + 4) - -8
3
What is the value of -3 + -25 - (31 - 33) - -11?
-15
Calculate 1 - (-9 - 12) - (38 - 37).
21
Evaluate 4 + -2 + 11 + 1219 + -1224.
8
Evaluate 7 + 7 - 22 - -1.
-7
Evaluate (-56 - -50) + (9 - -1) + 0 + -1.
3
Evaluate 10 - 10 - -5 - 14 - (-23 - -1).
13
Evaluate -6 + 2 + 0 - (-2 + -1 + -2).
1
Calculate 6 + (-2 - (-7 + 11 + -3)) - 14.
-11
-1521 + 1504 + 0 + (0 - -1) - -5
-11
What is 6 + 1 - (32 - (56 + -28))?
3
What is the value of -1 - -11 - (67 + -38 - -7)?
-26
What is -9 + 15 + -4 + -4?
-2
Evaluate -7 + 1 + 13 + -21.
-14
What is the value of 398 + -372 + (-4 + 0 - -12)?
34
Calculate (-8 - (0 + 6)) + 10 + 5.
1
What is 18 + -16 - (1 - -1 - 2) - 17?
-15
Calculate -9 - (9 - (-9 - (3 - 9 - -6))).
-27
What is (2 - (2 - (-6 + 8))) + 15 + -24?
-7
What is the value of -18 + 35 + (7 - 18)?
6
(-2 - 1) + 80 + -79 + 6 + -20
-16
What is the value of (7 - 2) + -19 - (-21 - -4)?
3
Calculate 13 + (43 + -34 - (7 + 0)).
15
Evaluate 7 - (1 - 0) - (2295 + -2305).
16
What is -453 - -427 - (-2 - (2 - -1))?
-21
-13 + 14 + 12 + 0
13
Evaluate 15 + 2 + 144 + -166.
-5
What is the value of -3 + -1 - (5 + -6 + -27)?
24
Evaluate (-2 - (10 + -18)) + -10 + -11.
-15
Evaluate 1 - (18 - (2 + 4)) - -1.
-10
What is -31 + 17 + 33 + 0?
19
Calculate 6 + (-24 - (-12 - 26)).
20
Calculate (-20 - -1) + (273 - 259).
-5
Calculate -11 + (29 - (16 + 7)).
-5
Evaluate (7 + 6 + -8 - -4) + 11.
20
Calculate 1 - -27 - (-189 + 210).
7
(61 + -50 - (-14 - -4)) + -11
10
What is (1 - (-34 - -18)) + -7 + -2 - -10?
18
Calculate -842 - -810 - (-3 + 0).
-29
What is the value of 413 + -385 + (-2 - 19)?
7
What is the value of 8 - (-34 + 30 + (26 - -1))?
-15
What is the value of -7 - (57 - 52 - (-3 - -37))?
22
What is -15 + -2 + 6 - (-4 + 1 + 1)?
-9
What is the value of (19 + -3 - 11) + -4 - (-15 - -1)?
15
5 + -1 + -1 + 5 + -7
1
What is -1 + (-52 + 22 + 31 - (-1 + -2))?
3
Evaluate 6 + (-27 - -18) - -10.
7
What is the value of 1 + 1 - (13 + -30 + 32)?
-13
Evaluate 25 - (2 + -8 + -42 + 49).
24
Calculate (-4 - 7) + 0 - -22 - 25.
-14
What is 17 - (13 - (-7 - (-6 - (-8 + 16))))?
11
What is the value of 11 + -10 + 11 + 5?
17
-64 + 81 + (-15 + 5 - -4)
11
Evaluate 0 - 10 - (-15 - 0 - -15).
-10
Calculate -18 + -28 + 18 + 12 + -2 - 6.
-24
What is 70 + -75 + 0 + 14 - 5?
4
Calculate 0 + 4 + (15 - (-10 - (-38 + 9))).
0
Calculate 4 - (-7 + 20 + (0 - 1) + 7).
-15
-1 + -22 + (-493 - -496)
-20
-473 + 462 + (9 - -1)
-1
What is the value of -36 - (-64 + (33 - 3))?
-2
What is the value of -7 + 7 + 1 + -17 + 22 - -1?
7
5 + -11 + 24 + (-10 - -1)
9
-2 + (21 - (-10 + 23))
6
Evaluate (5 - (4 + (-3 - -16) - 10)) + -36.
-38
What is the value of (3 - 1) + 19 + -12?
9
-26 + (8 - (-2 + -7 + 4 + 20))
-33
What is -4 - (0 - -4) - (12 - 7)?
-13
What is the value of -10 - (-24 + 5) - (14 + (6 - 2))?
-9
2 + 0 + 0 + -8 + -9
-15
Calculate 37 + 5 - 19 - -1.
24
-8 + 1 + (42 - (18 + 10))
7
Evaluate 6 + (-9 - -1) + -5 + -6 + 12.
-1
What is (-3 - (4 + 0)) + (-35 - -33)?
-9
Evaluate 3 + -1 + 1 + (5 - (-15 - -12)).
11
(8 - (1 - -3)) + -4 + (2 - -16)
18
Evaluate -14 + 44 + -5 + -17 + 9.
17
What is the value of 0 + 1 + (-149 - -154)?
6
Evaluate (-16 - -17) + (0 - 3) + -4.
-6
Calculate -138 + 131 + -1 + 21.
13
Calculate 11 + 10 + (-7 - -3 - 6).
11
Evaluate (20 - -3) + 39 + -50.
12
What is (0 - -3) + (21 + -11 - 17)?
-4
(-2 + 20 - (-44 + 33)) + (-3 - 3)
23
(10 - (5 + -8) - 5 - 0) + -9
-1
Evaluate -24 - 5 - -6 - -19.
-4
What is -302 + 329 + -42 + 2?
-13
Evaluate -10 + 24 + -20 - (3 + -11).
2
What is the value of (2 - 8) + -9 - -7 - -10 - -13?
15
Calculate 11 - (-7 + (6 - (6 + (-5 - 5)))).
8
4 - (-1 - -10 - (1 + (2 - 8)))
-10
Calculate (9 - -1 - -2) + -1968 + 1961.
5
What is 22 + -6 + (16 - -2 - (40 + -33))?
27
What is the value of -63 + 48 + (-5 - 4 - -1) + 1?
-22
11 + -15 + 3 + -5 - (2 - 28)
20
Calculate -13 - -2 - (14 - 16).
-9
Calculate 4 - (2 + -3 + -10 + 12 + -4).
7
Evaluate (-19 + 32 - (35 - 4)) + -7.
-25
Evaluate -10 + 3 + (8 - 3) - (0 + 3).
-5
What is the value of 0 - -5 - -3 - (67 + -45)?
-14
What is the value of -29 - (1 + (0 - -1) + -13 - -3)?
-21
Calculate -4 + (5 - 3) + (-92 - -79).
-15
What is the value of (3 - 10) + 9 + -1 - -15?
16
0 + (0 - (10 + (-10 - (2 - 5))))
-3
-11 + (6 - -18) + -1 + -6
6
Calculate -67 - -83 - (0 + (-10 - 4)).
30
What is the value of (0 + 5 - (-5 + 4 + 4)) + 2?
4
What is the value of -37 + 53 - (15 - -4)?
-3
What is 34 - 36 - (16 + -8 + 3 - -2)?
-15
What is 15 + -36 - (-5 + 1)?
-17
What is -11 - (12 + (-1 - (-6 + 7 + 3)))?
-18
13 - (13 - (2 - -9) - (-1 - -6))
16
Evaluate 4 + 8 - (17 - 5 - 0).
0
Evaluate -300 + 317 - (6 + 1).
10
Calculate -33 + 14 + 23 - (5 + 12).
-13
-14 - (16